
Convert -1 (base 2) to base 3.
-1
What is -6 (base 12) in base 4?
-12
Convert 1102 (base 4) to base 14.
5c
-120 (base 11) to base 14
-a3
11100 (base 2) to base 16
1c
1 (base 14) to base 15
1
Convert e (base 15) to base 16.
e
Convert -11 (base 2) to base 13.
-3
Convert -c (base 13) to base 4.
-30
21 (base 3) to base 11
7
b (base 15) to base 6
15
66 (base 12) to base 16
4e
-4 (base 10) to base 9
-4
Convert 114 (base 9) to base 4.
1132
32 (base 5) to base 8
21
What is -66 (base 16) in base 3?
-10210
Convert -27 (base 12) to base 16.
-1f
What is 35 (base 16) in base 12?
45
Convert -5 (base 14) to base 3.
-12
-2021 (base 3) to base 9
-67
0 (base 13) to base 9
0
156 (base 12) to base 13
132
What is 100 (base 12) in base 16?
90
Convert -12 (base 3) to base 10.
-5
Convert 0 (base 9) to base 11.
0
What is 3 (base 11) in base 14?
3
2 (base 9) to base 4
2
What is -c (base 14) in base 8?
-14
0 (base 6) to base 3
0
Convert d (base 14) to base 11.
12
-103 (base 5) to base 12
-24
Convert 30 (base 4) to base 6.
20
What is -3 (base 12) in base 5?
-3
-61 (base 11) to base 4
-1003
Convert -11 (base 4) to base 14.
-5
Convert 98 (base 10) to base 11.
8a
What is -5 (base 6) in base 7?
-5
Convert 10001010 (base 2) to base 12.
b6
a (base 16) to base 4
22
Convert -37 (base 12) to base 2.
-101011
-72 (base 11) to base 6
-211
What is 1122 (base 3) in base 15?
2e
Convert 8 (base 16) to base 14.
8
What is a0 (base 12) in base 9?
143
-72 (base 16) to base 10
-114
What is -5 (base 11) in base 15?
-5
-1a (base 13) to base 10
-23
Convert 1 (base 7) to base 9.
1
What is 201 (base 4) in base 3?
1020
33 (base 6) to base 5
41
Convert -10011 (base 2) to base 8.
-23
Convert 3 (base 15) to base 16.
3
2 (base 12) to base 4
2
3 (base 5) to base 3
10
24 (base 5) to base 2
1110
1 (base 14) to base 16
1
Convert -50 (base 10) to base 13.
-3b
What is -1 (base 14) in base 4?
-1
What is 17 (base 16) in base 2?
10111
14 (base 14) to base 9
20
What is 2 (base 10) in base 6?
2
-6 (base 11) to base 13
-6
Convert -6 (base 12) to base 5.
-11
-46 (base 9) to base 2
-101010
Convert -3 (base 8) to base 14.
-3
-32 (base 6) to base 11
-19
What is 0 (base 10) in base 3?
0
Convert 104 (base 5) to base 2.
11101
What is -21 (base 4) in base 10?
-9
Convert -1 (base 6) to base 12.
-1
1a (base 16) to base 14
1c
Convert -49 (base 12) to base 5.
-212
7 (base 11) to base 3
21
What is -2 (base 5) in base 8?
-2
Convert -42 (base 8) to base 11.
-31
53 (base 6) to base 11
30
-2301 (base 4) to base 13
-108
20 (base 4) to base 11
8
Convert 2 (base 15) to base 16.
2
What is -3 (base 10) in base 14?
-3
Convert 22 (base 8) to base 12.
16
-28 (base 11) to base 13
-24
What is 100 (base 2) in base 7?
4
4 (base 16) to base 6
4
-10 (base 2) to base 13
-2
Convert -4 (base 7) to base 11.
-4
-10 (base 7) to base 5
-12
189 (base 12) to base 13
162
What is -1111 (base 3) in base 10?
-40
What is -75 (base 11) in base 9?
-101
Convert -24 (base 15) to base 6.
-54
Convert -44 (base 5) to base 11.
-22
What is 38 (base 14) in base 16?
32
-404 (base 6) to base 15
-9d
What is 3 (base 4) in base 3?
10
d (base 14) to base 11
12
Convert b (base 16) to base 13.
b
20 (base 4) to base 13
8
Convert 5 (base 10) to base 6.
5
Convert -35 (base 6) to base 13.
-1a
2 (base 7) to base 15
2
What is 10 (base 11) in base 2?
1011
-190 (base 11) to base 8
-334
Convert 173 (base 8) to base 3.
11120
What is -5 (base 6) in base 7?
-5
What is -2 (base 10) in base 8?
-2
What is 2 (base 7) in base 13?
2
Convert 0 (base 4) to base 6.
0
What is 3 (base 15) in base 10?
3
Convert 2 (base 7) to base 14.
2
Convert 4 (base 6) to base 14.
4
1 (base 4) to base 3
1
What is 3 (base 4) in base 3?
10
Convert -3 (base 6) to base 16.
-3
2 (base 11) to base 10
2
Convert 0 (base 14) to base 16.
0
What is -11 (base 6) in base 14?
-7
What is 8 (base 9) in base 7?
11
Convert 1 (base 12) to base 3.
1
What is 3 (base 10) in base 2?
11
What is -16 (base 8) in base 13?
-11
Convert -1 (base 7) to base 15.
-1
Convert -15 (base 10) to base 8.
-17
What is -133 (base 5) in base 2?
-101011
Convert 25 (base 14) to base 9.
36
Convert -1f (base 16) to base 15.
-21
Convert -1 (base 10) to base 5.
-1
-30 (base 10) to base 9
-33
3 (base 7) to base 8
3
Convert 231 (base 4) to base 3.
1200
What is -4 (base 5) in base 7?
-4
Convert -101 (base 2) to base 16.
-5
-2 (base 14) to base 10
-2
Convert -12 (base 7) to base 10.
-9
What is -18 (base 9) in base 7?
-23
Convert -108 (base 10) to base 5.
-413
Convert 5 (base 9) to base 16.
5
What is 0 (base 8) in base 10?
0
-54 (base 16) to base 7
-150
Convert -96 (base 11) to base 5.
-410
Convert -10 (base 5) to base 8.
-5
Convert -10 (base 4) to base 6.
-4
-56 (base 8) to base 12
-3a
-1 (base 13) to base 2
-1
Convert -24 (base 14) to base 10.
-32
What is -3 (base 16) in base 10?
-3
Convert -15 (base 10) to base 7.
-21
-4 (base 10) to base 5
-4
What is -10022 (base 3) in base 13?
-6b
What is 3 (base 16) in base 6?
3
Convert 6a (base 11) to base 8.
114
Convert 50 (base 7) to base 13.
29
Convert -5 (base 6) to base 15.
-5
Convert -7 (base 8) to base 12.
-7
What is 0 (base 6) in base 4?
0
-11000100 (base 2) to base 3
-21021
What is 33 (base 7) in base 8?
30
219 (base 12) to base 10
309
1 (base 13) to base 12
1
Convert 4 (base 11) to base 2.
100
What is 0 (base 15) in base 14?
0
Convert -40 (base 7) to base 6.
-44
Convert 3 (base 9) to base 2.
11
1b (base 13) to base 11
22
-5 (base 11) to base 7
-5
26 (base 8) to base 16
16
-7d (base 14) to base 2
-1101111
What is 243 (base 5) in base 10?
73
Convert 5 (base 16) to base 3.
12
6 (base 11) to base 13
6
What is -4 (base 11) in base 8?
-4
26 (base 16) to base 5
123
Convert -103 (base 7) to base 15.
-37
Convert -3 (base 4) to base 8.
-3
3 (base 4) to base 14
3
Convert 24 (base 6) to base 10.
16
Convert -13 (base 8) to base 11.
-10
Convert 66 (base 10) to base 12.
56
What is -a1 (base 11) in base 15?
-76
-d (base 14) to base 7
-16
122 (base 4) to base 12
22
What is 1 (base 2) in base 11?
1
Convert -67 (base 15) to base 3.
-10121
What is 34 (base 8) in base 5?
103
What is -4 (base 13) in base 11?
-4
Convert 1 (base 13) to base 10.
1
Convert -111021 (base 3) to base 10.
-358
Convert 113 (base 13) to base 3.
20212
-111100 (base 2) to base 9
-66
Convert -1 (base 16) to base 5.
-1
39 (base 14) to base 12
43
What is -1 (base 14) in base 5?
-1
What is -11 (base 9) in base 12?
-a
Convert 11 (base 5) to base 13.
6
What is -45 (base 6) in base 7?
-41
What is 211 (base 3) in base 7?
31
1a (base 11) to base 4
111
10200 (base 3) to base 7
201
Convert 10133 (base 4) to base 2.
100011111
What is -17 (base 10) in base 5?
-32
What is 1 (base 14) in base 8?
1
Convert -426 (base 7) to base 11.
-187
2 (base 13) to base 8
2
Convert -2 (base 8) to base 15.
-2
Convert b (base 13) to base 11.
10
What is -1120 (base 3) in base 7?
-60
What is -1 (base 9) in base 16?
-1
Convert 0 (base 14) to base 5.
0
What is 1011 (base 3) in base 5?
111
What is -132 (base 6) in base 9?
-62
Convert 1001 (base 2) to base 7.
12
Convert -125 (base 6) to base 10.
-53
2 (base 14) to base 9
2
What is 67 (base 10) in base 2?
1000011
What is -5 (base 11) in base 7?
-5
-525 (base 8) to base 14
-1a5
Convert 4 (base 14) to base 4.
10
Convert 303 (base 4) to base 6.
123
Convert 1121 (base 3) to base 7.
61
1102 (base 3) to base 9
42
What is 1 (base 2) in base 10?
1
-1 (base 16) to base 4
-1
21 (base 12) to base 9
27
-1 (base 8) to base 6
-1
What is 63 (base 8) in base 6?
123
What is -7 (base 16) in base 12?
-7
Convert -31 (base 9) to base 10.
-28
What is 20 (base 5) in base 15?
a
-2 (base 11) to base 7
-2
100 (base 2) to base 15
4
-3 (base 8) to base 9
-3
-150 (base 10) to base 13
-b7
37 (base 13) to base 12
3a
Convert 30 (base 6) to base 11.
17
Convert -1 (base 6) to base 5.
-1
-2 (base 16) to base 7
-2
b5 (base 13) to base 5
1043
What is -10 (base 11) in base 13?
-b
What is 200 (base 3) in base 15?
13
Convert 1010 (base 2) to base 10.
10
Convert -17 (base 12) to base 8.
-23
-1 (base 6) to base 15
-1
Convert -3 (base 16) to base 12.
-3
Convert -8 (base 12) to base 5.
-13
What is -6 (base 7) in base 6?
-10
Convert -91 (base 15) to base 9.
-161
Convert -35 (base 14) to base 9.
-52
What is -4 (base 7) in base 12?
-4
What is 1b (base 15) in base 7?
35
What is -5 (base 8) in ba